is -340 - 2?
-342
In base 14, what is -1 + 8a?
89
In base 14, what is -26 + 181?
159
In base 9, what is 6783 + 1?
6784
In base 5, what is -1 - 424?
-430
In base 3, what is -10001 - -1010?
-1221
In base 13, what is -7bb + 2?
-7b9
In base 14, what is 131 - -13?
144
In base 3, what is 1122 + 10?
1202
In base 11, what is -216 - 2?
-218
In base 11, what is 87 - 46?
41
In base 8, what is -5 + 401?
374
In base 7, what is -2 + -16?
-21
In base 10, what is 8 + -65?
-57
In base 5, what is -140 + -31?
-221
In base 10, what is -562 - 5?
-567
In base 4, what is 3222 + 3?
3231
In base 3, what is -1211010 + 200?
-1210110
In base 11, what is -3 - -375?
372
In base 6, what is -5 - 443?
-452
In base 4, what is 33 - -200?
233
In base 5, what is -13 - -112?
44
In base 11, what is -2309 + 4?
-2305
In base 14, what is -61 - -18?
-47
In base 5, what is 2 + 111?
113
In base 4, what is -100 - 1?
-101
In base 12, what is 5 + 5a?
63
In base 4, what is -31 - -30?
-1
In base 16, what is -327 + 2?
-325
In base 5, what is 10 + -1021?
-1011
In base 4, what is 2211323 - 0?
2211323
In base 16, what is 14a + -5?
145
In base 8, what is 4 - -4003?
4007
In base 5, what is 3 + 4131?
4134
In base 10, what is -21 - -3?
-18
In base 10, what is -3 + 4701?
4698
In base 15, what is 0 - -e23?
e23
In base 15, what is -1942 - 0?
-1942
In base 2, what is 101100110001 + -10?
101100101111
In base 6, what is 2 + -50?
-44
In base 2, what is -10 - 1110111?
-1111001
In base 5, what is -4 + 110?
101
In base 10, what is -10 + -4?
-14
In base 13, what is -229b + 1?
-229a
In base 3, what is -202 + 22?
-110
In base 6, what is 2 + -1154?
-1152
In base 5, what is -2 - -1314?
1312
In base 3, what is -100012 + 0?
-100012
In base 10, what is -1 + 2730?
2729
In base 7, what is -31 + -6?
-40
In base 6, what is 22505 - -3?
22512
In base 5, what is 21300 - 2?
21243
In base 7, what is 12 - 63?
-51
In base 14, what is -7 - c?
-15
In base 10, what is -4 - 6085?
-6089
In base 3, what is 100 - -10221?
11021
In base 13, what is 2 - 565?
-563
In base 13, what is 89 - -5?
91
In base 13, what is -22 + 4c?
2a
In base 14, what is -5 - 1?
-6
In base 5, what is 102333 + 4?
102342
In base 11, what is 3 - 10?
-8
In base 3, what is 10110111 + 21?
10110202
In base 15, what is -2c + 5?
-27
In base 10, what is 3 + 54?
57
In base 12, what is 66 - 5?
61
In base 4, what is -231 + -2?
-233
In base 3, what is -110011 - 200?
-110211
In base 8, what is -245 + -5?
-252
In base 12, what is b - -6b?
7a
In base 15, what is 0 - 2dc?
-2dc
In base 13, what is -b1b + 1?
-b1a
In base 7, what is -2 + 130?
125
In base 15, what is 2 + 52?
54
In base 2, what is 111100 - -110011?
1101111
In base 7, what is -1534 + 0?
-1534
In base 6, what is -1051 + 2?
-1045
In base 5, what is 1221 + 2?
1223
In base 12, what is 213 + -3?
210
In base 12, what is 2 - -71?
73
In base 7, what is 6421 + 0?
6421
In base 8, what is 267 - -12?
301
In base 11, what is 0 - 32?
-32
In base 12, what is 2230 + 4?
2234
In base 16, what is 49 - -35?
7e
In base 3, what is -1122101212 - -10?
-1122101202
In base 15, what is 3d + -2?
3b
In base 6, what is -51 - -30?
-21
In base 10, what is 20 - -11?
31
In base 5, what is 1 + -210?
-204
In base 3, what is 101222122 + 0?
101222122
In base 14, what is 44dc + 1?
44dd
In base 11, what is -38 + 7?
-31
In base 4, what is -2 - -20321?
20313
In base 3, what is -1111111 - 1?
-1111112
In base 9, what is -5 - -8188?
8183
In base 3, what is 101222 - -20?
102012
In base 9, what is 5 + -10?
-4
In base 6, what is 1 - 154?
-153
In base 11, what is -396 + 4?
-392
In base 7, what is 0 + 123?
123
In base 14, what is 2 + -39d?
-39b
In base 12, what is -313 + b?
-304
In base 14, what is -72c + 9?
-723
In base 2, what is 10001110 - 1001?
10000101
In base 10, what is 4 - 180?
-176
In base 15, what is a + 4?
e
In base 14, what is -33 + -2?
-35
In base 4, what is 310221 + -10?
310211
In base 10, what is 3 - -1327?
1330
In base 11, what is 4592 + -2?
4590
In base 14, what is -2 + -54b?
-54d
In base 7, what is -4 - 133?
-140
In base 4, what is -103 + -133?
-302
In base 5, what is -2 - -1343?
1341
In base 9, what is 431 + -4?
426
In base 16, what is -5 + a38?
a33
In base 16, what is 16 - -2?
18
In base 9, what is 43 - 20?
23
In base 16, what is b + 0?
b
In base 14, what is -5 - -19c?
197
In base 6, what is 24 + 31?
55
In base 14, what is b70 - 1?
b6d
In base 9, what is 15 - -13?
28
In base 11, what is 0 - 697?
-697
In base 12, what is 4 - -248?
250
In base 8, what is -67 - -42?
-25
In base 6, what is -4 - -142?
134
In base 8, what is -5 + -7?
-14
In base 7, what is -3 - 22301?
-22304
In base 15, what is -7 + -17b?
-183
In base 5, what is 4 - -20011?
20020
In base 9, what is -71 - -46?
-24
In base 7, what is 4 + 116?
123
In base 13, what is 5 - -421?
426
In base 5, what is 31 + 0?
31
In base 7, what is -4 - 1225?
-1232
In base 13, what is 4c + 18?
67
In base 5, what is 403 - 2?
401
In base 9, what is 6 + -1654?
-1647
In base 10, what is 7 - -492?
499
In base 5, what is -1014414 - 10?
-1014424
In base 13, what is -2 - -49?
47
In base 4, what is 10 + 3222?
3232
In base 4, what is -3 + 23212?
23203
In base 9, what is -7 + 15?
7
In base 16, what is dc - 8?
d4
In base 6, what is 41333 - 3?
41330
In base 12, what is 392 - -2b?
401
In base 5, what is -103 + 42?
-11
In base 11, what is -2782 + -6?
-2788
In base 15, what is 9 + 2c?
36
In base 2, what is 0 + 1000101?
1000101
In base 10, what is 142 - 3?
139
In base 5, what is -1 - 4242?
-4243
In base 3, what is -21112100 + -12?
-21112112
In base 3, what is 121 - -201?
1022
In base 7, what is 0 - 106?
-106
In base 5, what is -1132 - -1?
-1131
In base 6, what is -2432 + 3?
-2425
In base 10, what is -3871 + -5?
-3876
In base 16, what is -6 - -5e?
58
In base 7, what is 5062 + 3?
5065
In base 11, what is -3142 - -3?
-313a
In base 10, what is -1316 + -5?
-1321
In base 5, what is -1104 - 3?
-1112
In base 12, what is -4 - 21b0?
-21b4
In base 8, what is -37327 + -2?
-37331
In base 3, what is 1 - 1001222?
-1001221
In base 6, what is -3 + -5505?
-5512
In base 9, what is 0 + 35?
35
In base 16, what is -1 - 8f?
-90
In base 2, what is -1011 - -1?
-1010
In base 6, what is -15 - 32?
-51
In base 11, what is 42 - 456?
-414
In base 16, what is 1e - -2b?
49
In base 2, what is 1100110 - 100?
1100010
In base 16, what is -21 - -c?
-15
In base 15, what is -4 - 5c2?
-5c6
In base 3, what is 100 + 1002?
1102
In base 4, what is -320 + 20?
-300
In base 6, what is -4 - -12202?
12154
In base 7, what is 2 - -201?
203
In base 2, what is -100001010 + -101?
-100001111
In base 11, what is 101 - -1?
102
In base 7, what is -164 + 0?
-164
In base 6, what is 5 + -45550?
-45541
In base 10, what is -745 + 2?
-743
In base 3, what is 21020120 - 1?
21020112
In base 15, what is 13 - -a?
1d
In base 14, what is 4 - -3c9?
3cd
In base 13, what is -3 - -312?
30c
In base 15, what is 22e - 5?
229
In base 2, what is -101 - 111011?
-1000000
In base 4, what is -11 - 131212?
-131223
In base 14, what is -637 - -3?
-634
In base 11, what is 187 + -6?
181
In base 5, what is -113 + -3341?
-4004
In base 6, what is -1 + 1455?
1454
In base 8, what is 20 - 161?
-141
In base 16, what is -c8 - 5?
-cd
In base 16, what is -1d8 + -1?
-1d9
In base 4, what is 1 + 2022?
2023
In base 10, what is -4 - 216?
-220
In base 15, what is -900 - -11?
-8de
In base 13, what is -9a + 5?
-95
In base 16, what is 10a + 5?
10f
In base 7, what is -21 + 21?
0
In base 3, what is -10 - -1021?
1011
In base 7, what is -26522 + 5?
-26514
In base 6, what is 3400 - -2?
3402
In base 8, what is 3433 - -23?
3456
In base 12, what is -b1 + -1?
-b2
In base 8, what is 71 + -4?
65
In base 13, what is -26 + -2ba?
-313
In base 10, what is -1 - 13?
-14
In base 15, what is 1a + 27?
42
In base 12, what is -b61 + 2?
-b5b
In base 10, what is -1 + 46?
45
In base 7, what is 134 - -13?
150
In base 7, what is -1101 + -143?
-1244
In base 3, what is -110001 + 10?
-102221
In base 14, what is 5b3 - -4?
5b7
In base 9, what is 3126 - -4?
3131
In base 6, what is -145 + -104?
-253
In base 11, what is 5 + 1303?
1308
In base 7, what is -1 - -315?
314
In base 12, what is -12a + -1?
-12b
In base 9, what is -170 + -5?
-175
In base 14, what is 3d + 5?
44
In base 9, what is -4 - -654?
650
In base 5, what is -2221 - -3?
-2213
In base 11, what is 5 - -8